94/(-34)?
59123
Let i(s) = -s - 3. Let u be i(-7). What are the prime factors of (-22 + -368)/(u/(-6))?
3, 5, 13
Let m = 738 - 690. Suppose -2 = -2*i + 8. Suppose i*f - m = 62. What are the prime factors of f?
2, 11
Suppose 3*s - 8*s - b = -25, s + 5*b - 5 = 0. Suppose o - 101 = -2*p + 14, -s*o + 566 = p. Let h = o + -28. List the prime factors of h.
5, 17
Suppose -192*z - 15 = -197*z. Let f(x) = x**3 + 5*x**2 - x. Let w be f(-5). Suppose 7*y = 2*y + 5, -z*n = -w*y - 247. List the prime factors of n.
2, 3, 7
Let o = 24 - -44. Let s = o + -119. Let k = -32 - s. List the prime factors of k.
19
Let f = 9430 - 5737. What are the prime factors of f?
3, 1231
Suppose 3*s + 5*k - 35 = 0, -3*k - 81 = -4*s - s. Let n(a) = 43*a - 79. List the prime factors of n(s).
2, 283
Let c = 7675 - 4564. What are the prime factors of c?
3, 17, 61
Let h = 359 + -130. Suppose h = c - 161. Suppose -2*t + c = 4*t. What are the prime factors of t?
5, 13
Suppose -5*s + 2*l = -75828, 4*s - 3*l + 2*l = 60666. List the prime factors of s.
2, 3, 79
Suppose 206 + 6138 = 8*h. Let z = 153 + h. What are the prime factors of z?
2, 11, 43
Suppose 13683 = 4*i + 5*h, -386*h - 6852 = -2*i - 390*h. List the prime factors of i.
2, 853
Suppose 0 = -p - 5*r + 7884, 0 = p - 137*r + 140*r - 7874. List the prime factors of p.
29, 271
Suppose 5*n - 4*i - 138766 = 0, 19*n - 2*i - 55506 = 17*n. What are the prime factors of n?
2, 13877
Suppose 0 = -2*j + 5*f - 10, 5*f + 0*f + 5 = 5*j. Suppose 0*x + 0*x = j*x. Suppose x = -o + 2*o - 4*d - 140, 2*o - 269 = -3*d. List the prime factors of o.
2, 17
Suppose -12 = -2*n - p - 0*p, -30 = -5*n - 4*p. What are the prime factors of (-66)/((-4)/32*n)?
2, 11
Let q be (2*9/(-21))/(24/(-224)). Suppose 499 = -q*y + 1283. What are the prime factors of y?
2, 7
Let h(l) = -l**3 - 6*l**2 - 14*l + 11. Let j be h(-8). Let z = j - 128. List the prime factors of (-64)/48*z/(-2).
2, 41
Suppose 3*k + 21 = 2*u, -u - 3*k = -2*u + 15. Suppose -1015 = -u*g + g. Suppose 0*l - g = -7*l. What are the prime factors of l?
29
Let j(w) = 9*w**3 - 7*w**2 + 8*w. Let x be j(2). Let m(g) = 19*g + 1. Let q be m(-7). Let u = x - q. What are the prime factors of u?
2, 3
Let g(l) = 45*l + 23. Let h(d) = -d**2 - 14*d - 41. Let w be h(-9). List the prime factors of g(w).
7, 29
Let c(x) be the third derivative of -11*x**4/12 + 13*x**3/6 - 36*x**2. List the prime factors of c(-5).
3, 41
Let s(w) = 3*w**2 - 30. Let p(o) = 2*o**2 - 46*o + 37. Let l be p(22). What are the prime factors of s(l)?
3, 13
Let y(x) = -x**3 - 14*x**2 + 25*x - 14. Let l = 50 - 56. Let a(k) = -k**3 - 4*k**2 + 15*k + 2. Let p be a(l). What are the prime factors of y(p)?
2, 7
Let c be 4*1/12*3*28. Suppose 2*j = 3*j - 4, 4*j - c = -4*v. Suppose 1 = r, v*r + 290 - 70 = h. List the prime factors of h.
223
Let o(t) = -2*t**3 + 44*t**2 + 3*t - 87. What are the prime factors of o(-13)?
2, 7, 11, 19
Let d(m) = -10*m + 12. Suppose 4*a + 16 = -3*x + 4*x, x + 8 = -4*a. Suppose x = -t - 3. List the prime factors of d(t).
2, 41
Let n = 5872 + 5415. What are the prime factors of n?
11287
Suppose 39290 = 5*v - 5*k, 5*v - 10*k = -9*k + 39290. List the prime factors of v.
2, 3929
Let u(p) = -18*p - 10. Let v be u(-5). What are the prime factors of (-2)/(-4)*-2 + v?
79
Let g(l) = 81*l**3 - 38*l**2 - 70*l + 28. What are the prime factors of g(8)?
2, 3, 3209
Let q = -22 - -26. Suppose 0*m + 32 = 5*g - m, q*m = g - 14. Suppose -g*p = 6*p - 144. List the prime factors of p.
2, 3
Let a(i) = i**2 - 54*i - 13. Let c(u) = -8*u**2 + 324*u + 78. Let q(m) = -13*a(m) - 2*c(m). What are the prime factors of q(13)?
2, 13, 47
Let i(t) = t**2 + 6*t - 5. Let u be i(-5). Let p(q) = q**2 - 6. Let a(k) = k**2 - 23*k - 19. Let n(z) = a(z) - 3*p(z). List the prime factors of n(u).
29
Let c = 21966 + -15582. List the prime factors of c.
2, 3, 7, 19
Let x(h) = -2*h**3 + 96*h**2 - 71*h + 212. What are the prime factors of x(42)?
2, 9199
Let c = 3586 + 26073. Suppose 52*y - c = 33*y. What are the prime factors of y?
7, 223
Suppose -3*k = -4*h - 53949, 5*h = 3*k - 45213 - 8739. List the prime factors of k.
3, 13, 461
Let t(r) = 95*r + 3. Let y be t(-3). Let c = y + 417. Let d = c - 81. List the prime factors of d.
2, 3
Suppose -5*w - 7 - 13 = 0. Let l(b) be the first derivative of 3*b**3 + 11*b**2/2 + 6*b + 661. What are the prime factors of l(w)?
2, 53
Let r = 59 + -64. Let i(f) = -f**3 - 2*f**2 - 5. Let a be i(r). Let y = -32 + a. List the prime factors of y.
2, 19
Let u = 6105 - -9533. List the prime factors of u.
2, 7, 1117
Suppose 4*z = -w + 2298, 2297 = 5*w + 2*z - 9193. What are the prime factors of w?
2, 3, 383
Let g(y) = 659*y**2 + 141*y + 595. List the prime factors of g(-4).
3, 5, 47
Let l = 6413 - 3712. Suppose 0 = -22*m + 23*m - 2*y - 907, 3*m = -4*y + l. List the prime factors of m.
3, 7, 43
Suppose 0 = 4*g - 5*n + 10, -2 = -14*g + 11*g - n. What are the prime factors of (4916/(-12) - g)/(19/(-57))?
1229
Suppose 0 = -5*k + f + 52761, -5*k - 3*f + 40661 + 12096 = 0. List the prime factors of k.
2, 1319
Let o = 621 - 387. Suppose o = g + 5*g. Suppose 442 = 41*d - g*d. List the prime factors of d.
13, 17
Suppose 3*y - 44562 = -3*q, -2*y + 44225 = -2*q + 14509. What are the prime factors of y?
2, 3, 619
Let c = 124 + -115. List the prime factors of 3/c + 1720/15.
5, 23
Let h be 2 - (-39)/(-24) - (-126)/48. Suppose 4 = 4*b - 12. Suppose 0 = h*z - b*a - 500, 3*a = z - 2*z + 158. List the prime factors of z.
2, 41
Suppose 24668 + 3570 = 14*s. List the prime factors of s.
2017
Let u = 555 - 1094. Let m = u + 1226. Suppose -m - 77 = -4*y. What are the prime factors of y?
191
Let w(j) = -j + 21. Let r be (-2 - (1 + -5)) + -51. Let d = r - -29. What are the prime factors of w(d)?
41
Let o(b) = -5 - 12 - 9 + 11*b. What are the prime factors of o(23)?
227
Suppose -8*d + 4*d = 8*d. Suppose 2*t + 8 = d, 0*p - 3*p + 24 = -3*t. What are the prime factors of 166 - 6/p*(-40)/30?
2, 3, 7
Suppose 0 = -5*p - 4*a - 5, -2*p = 2*p - 2*a - 22. Suppose 0 = p*f + u - 703, 5*u + 709 = 3*f + 3*u. Suppose -r + f = 4*r. List the prime factors of r.
47
Let k be 48/9 - 3/9. Suppose -k*t = 5*x - 5495, -15*x = -2*t - 10*x + 2191. What are the prime factors of t?
2, 3, 61
Let d(x) = -x**2 - 8*x - 13. Suppose 6*y = -2*y - 32. Let n be d(y). Suppose -2*j - n + 49 = 0. List the prime factors of j.
23
Suppose -27*l = -31*l + 3*h + 91050, -3*l - 3*h = -68298. List the prime factors of l.
2, 3, 7, 271
Suppose -2*f + 5*g = -643, 12*f - 2*g = 15*f - 955. List the prime factors of (-58)/f - 2554/(-11).
2, 29
Let x = 1661 - 603. Suppose 5*k + 0*c + c = x, k = 2*c + 216. What are the prime factors of k?
2, 53
Suppose 0 = -3*k + 2*k - 10*k + 531465. List the prime factors of k.
3, 5, 3221
Let a be -4*(-1)/7*-7. What are the prime factors of 17662/22 + a/(-22)?
11, 73
Let l be (5 - 11)/(4 - 2). Let y be (-3 - (l - -1))*-1. Let n(u) = 47*u - 4. List the prime factors of n(y).
43
Suppose v - 4*w = -2, -14*w + 8 = v - 13*w. Suppose 3472 + 92 = v*f. What are the prime factors of f?
2, 3, 11
Suppose -17997 = 11*z - 18*z. Suppose z = 5*r + 171. List the prime factors of r.
2, 3, 5
Let s(o) = -o**3 + 20*o**2 + 14*o - 49. What are the prime factors of s(18)?
23, 37
Suppose 3*z + 112 = -2*l + 349, z + 601 = 5*l. Let g = 32 - 24. Let x = l - g. List the prime factors of x.
2, 7
Let p(b) = -2*b + 1. Let h be p(-2). Suppose 0 = 3*u - h*u + 28. List the prime factors of (u + -1)*7*1*1.
7, 13
Let r(v) = -5*v**3 + 8*v**2 - 12. Let l(b) = 4*b**3 - 8*b**2 + 11. Let t = 38 - 32. Let o(x) = t*l(x) + 5*r(x). List the prime factors of o(-9).
3, 29
What are the prime factors of (-7 + (-287)/(-42))*29199*-2?
9733
Suppose 5 = -7*z + 19. Let v be 3123/6 + (-3)/z. Suppose v = 3*n - 3*o, 0 = -2*n - 3*o + 306 + 50. List the prime factors of n.
5, 7
Let r = 88724 - 18795. List the prime factors of r.
69929
Let j = 5584 - 8193. What are the prime factors of 7/(-77)*j + (-4)/22?
3, 79
Suppose -2*l = -2*q - 3*l + 5, 0 = -2*q + 2*l - 10. Suppose -7*j + 9*j + 4*y - 1640 = q, 0 = j - y - 817. List the prime factors of j.
2, 409
Let p(h) = -h**3 - 6*h**2 + 6*h - 5. Let w be p(-7). Suppose -132 = n + k, 0*k - w*k = n + 128. List the prime factors of ((-39)/26)/(6/n).
2, 17
Let i be (96/(-12))/((-1)/(-3) - 1). Let a(u) = u**2 + 7*u -